{"id":320,"date":"2017-02-21T14:36:16","date_gmt":"2017-02-21T13:36:16","guid":{"rendered":"http:\/\/www.ffbiedermannsdorf.at\/cms\/?page_id=320"},"modified":"2017-05-10T22:24:07","modified_gmt":"2017-05-10T20:24:07","slug":"ausruestung","status":"publish","type":"page","link":"http:\/\/www.ffbiedermannsdorf.at\/cms\/ausruestung\/","title":{"rendered":"Ausr\u00fcstung"},"content":{"rendered":"\t\t<div data-elementor-type=\"wp-post\" data-elementor-id=\"320\" class=\"elementor elementor-320 elementor-bc-flex-widget\" data-elementor-post-type=\"page\">\n\t\t\t\t\t\t<section class=\"elementor-section elementor-top-section elementor-element elementor-element-6zo964z elementor-section-boxed elementor-section-height-default elementor-section-height-default\" data-id=\"6zo964z\" data-element_type=\"section\" data-e-type=\"section\">\n\t\t\t\t\t\t<div class=\"elementor-container elementor-column-gap-default\">\n\t\t\t\t\t<div class=\"elementor-column elementor-col-100 elementor-top-column elementor-element elementor-element-w7220uy\" data-id=\"w7220uy\" data-element_type=\"column\" data-e-type=\"column\">\n\t\t\t<div class=\"elementor-widget-wrap elementor-element-populated\">\n\t\t\t\t\t\t<div class=\"elementor-element elementor-element-za33uwl elementor-widget elementor-widget-text-editor\" data-id=\"za33uwl\" data-element_type=\"widget\" data-e-type=\"widget\" data-widget_type=\"text-editor.default\">\n\t\t\t\t<div class=\"elementor-widget-container\">\n\t\t\t\t\t\t\t\t\t<h1><strong>pers\u00f6nliche Ausr\u00fcstung<\/strong><\/h1><p><strong>Schutzbekleidung<\/strong><\/p><p>Die Schutzbekleidung\u00a0besteht aus:<\/p><ul><li>Schutzjacke<\/li><li>Schutzhose<\/li><li>Feuerwehrsicherheitsstiefel<\/li><li>Feuerwehrschutzhandschuhe (f\u00fcr den Branddienst oder spezielle f\u00fcr den technischen Einsatz)<\/li><li>Feuerwehrhelm<\/li><\/ul><p>Auf Verkehrsfl\u00e4chen (Pflicht auf Autobahnen und Schnellstra\u00dfen) wird zus\u00e4tzlich ein Warn\u00fcberwurf getragen. Bei Brandeins\u00e4tzen tragen die Atemschutztr\u00e4ger noch Flammschutzhauben f\u00fcr den Eigenschutz. \u00a0<\/p>\t\t\t\t\t\t\t\t<\/div>\n\t\t\t\t<\/div>\n\t\t\t\t\t<\/div>\n\t\t<\/div>\n\t\t\t\t\t<\/div>\n\t\t<\/section>\n\t\t\t\t<section class=\"elementor-section elementor-top-section elementor-element elementor-element-cvvt0k9 elementor-section-boxed elementor-section-height-default elementor-section-height-default\" data-id=\"cvvt0k9\" data-element_type=\"section\" data-e-type=\"section\">\n\t\t\t\t\t\t<div class=\"elementor-container elementor-column-gap-default\">\n\t\t\t\t\t<div class=\"elementor-column elementor-col-50 elementor-top-column elementor-element elementor-element-4y0s9z4\" data-id=\"4y0s9z4\" data-element_type=\"column\" data-e-type=\"column\">\n\t\t\t<div class=\"elementor-widget-wrap elementor-element-populated\">\n\t\t\t\t\t\t<div class=\"elementor-element elementor-element-0j555f9 elementor-widget elementor-widget-image\" data-id=\"0j555f9\" data-element_type=\"widget\" data-e-type=\"widget\" data-widget_type=\"image.default\">\n\t\t\t\t<div class=\"elementor-widget-container\">\n\t\t\t\t\t\t\t\t\t\t\t\t\t\t\t<img fetchpriority=\"high\" decoding=\"async\" width=\"432\" height=\"650\" src=\"http:\/\/www.ffbiedermannsdorf.at\/cms\/wp-content\/uploads\/DSC_0424.jpg?v=1705336882\" class=\"attachment-large size-large wp-image-1483\" alt=\"\" srcset=\"http:\/\/www.ffbiedermannsdorf.at\/cms\/wp-content\/uploads\/DSC_0424.jpg?v=1705336882 432w, http:\/\/www.ffbiedermannsdorf.at\/cms\/wp-content\/uploads\/DSC_0424-399x600.jpg?v=1705336882 399w\" sizes=\"(max-width: 432px) 100vw, 432px\" \/>\t\t\t\t\t\t\t\t\t\t\t\t\t\t\t<\/div>\n\t\t\t\t<\/div>\n\t\t\t\t\t<\/div>\n\t\t<\/div>\n\t\t\t\t<div class=\"elementor-column elementor-col-50 elementor-top-column elementor-element elementor-element-p665q3a\" data-id=\"p665q3a\" data-element_type=\"column\" data-e-type=\"column\">\n\t\t\t<div class=\"elementor-widget-wrap elementor-element-populated\">\n\t\t\t\t\t\t<div class=\"elementor-element elementor-element-l1w2nge elementor-widget elementor-widget-image\" data-id=\"l1w2nge\" data-element_type=\"widget\" data-e-type=\"widget\" data-widget_type=\"image.default\">\n\t\t\t\t<div class=\"elementor-widget-container\">\n\t\t\t\t\t\t\t\t\t\t\t\t\t\t\t<img decoding=\"async\" width=\"432\" height=\"650\" src=\"http:\/\/www.ffbiedermannsdorf.at\/cms\/wp-content\/uploads\/DSC_0425.jpg?v=1705336912\" class=\"attachment-large size-large wp-image-1484\" alt=\"\" srcset=\"http:\/\/www.ffbiedermannsdorf.at\/cms\/wp-content\/uploads\/DSC_0425.jpg?v=1705336912 432w, http:\/\/www.ffbiedermannsdorf.at\/cms\/wp-content\/uploads\/DSC_0425-399x600.jpg?v=1705336912 399w\" sizes=\"(max-width: 432px) 100vw, 432px\" \/>\t\t\t\t\t\t\t\t\t\t\t\t\t\t\t<\/div>\n\t\t\t\t<\/div>\n\t\t\t\t\t<\/div>\n\t\t<\/div>\n\t\t\t\t\t<\/div>\n\t\t<\/section>\n\t\t\t\t<section class=\"elementor-section elementor-top-section elementor-element elementor-element-bzahn5u elementor-section-boxed elementor-section-height-default elementor-section-height-default\" data-id=\"bzahn5u\" data-element_type=\"section\" data-e-type=\"section\">\n\t\t\t\t\t\t<div class=\"elementor-container elementor-column-gap-default\">\n\t\t\t\t\t<div class=\"elementor-column elementor-col-100 elementor-top-column elementor-element elementor-element-mdnbm1m\" data-id=\"mdnbm1m\" data-element_type=\"column\" data-e-type=\"column\">\n\t\t\t<div class=\"elementor-widget-wrap elementor-element-populated\">\n\t\t\t\t\t\t<div class=\"elementor-element elementor-element-8incj57 elementor-widget elementor-widget-text-editor\" data-id=\"8incj57\" data-element_type=\"widget\" data-e-type=\"widget\" data-widget_type=\"text-editor.default\">\n\t\t\t\t<div class=\"elementor-widget-container\">\n\t\t\t\t\t\t\t\t\t<p><strong>Einsatzleiter \/ Gruppenkommandant\u00a0<\/strong>\u00a0<\/p><p>Der Einsatzleiter tr\u00e4gt zus\u00e4tzlich zur besseren Erkennung einen roten Funktions\u00fcberwurf mit der\u00a0Kennzeichnung\u00a0&#8222;Einsatzleiter. Die jeweiligen Gruppenkommandanten der Fahrzeuge sind durch blaue Funktions\u00fcberw\u00fcrfe mit &#8222;GKDT&#8220; und der Fahrzeugkennung gekennzeichnet.<\/p>\t\t\t\t\t\t\t\t<\/div>\n\t\t\t\t<\/div>\n\t\t\t\t\t<\/div>\n\t\t<\/div>\n\t\t\t\t\t<\/div>\n\t\t<\/section>\n\t\t\t\t<section class=\"elementor-section elementor-top-section elementor-element elementor-element-5wialbp elementor-section-boxed elementor-section-height-default elementor-section-height-default\" data-id=\"5wialbp\" data-element_type=\"section\" data-e-type=\"section\">\n\t\t\t\t\t\t<div class=\"elementor-container elementor-column-gap-default\">\n\t\t\t\t\t<div class=\"elementor-column elementor-col-50 elementor-top-column elementor-element elementor-element-tm2k95y\" data-id=\"tm2k95y\" data-element_type=\"column\" data-e-type=\"column\">\n\t\t\t<div class=\"elementor-widget-wrap elementor-element-populated\">\n\t\t\t\t\t\t<div class=\"elementor-element elementor-element-auv5b8x elementor-widget elementor-widget-image\" data-id=\"auv5b8x\" data-element_type=\"widget\" data-e-type=\"widget\" data-widget_type=\"image.default\">\n\t\t\t\t<div class=\"elementor-widget-container\">\n\t\t\t\t\t\t\t\t\t\t\t\t\t\t\t<img decoding=\"async\" width=\"432\" height=\"650\" src=\"http:\/\/www.ffbiedermannsdorf.at\/cms\/wp-content\/uploads\/DSC_0510.jpg?v=1705336954\" class=\"attachment-large size-large wp-image-1485\" alt=\"\" srcset=\"http:\/\/www.ffbiedermannsdorf.at\/cms\/wp-content\/uploads\/DSC_0510.jpg?v=1705336954 432w, http:\/\/www.ffbiedermannsdorf.at\/cms\/wp-content\/uploads\/DSC_0510-399x600.jpg?v=1705336954 399w\" sizes=\"(max-width: 432px) 100vw, 432px\" \/>\t\t\t\t\t\t\t\t\t\t\t\t\t\t\t<\/div>\n\t\t\t\t<\/div>\n\t\t\t\t\t<\/div>\n\t\t<\/div>\n\t\t\t\t<div class=\"elementor-column elementor-col-50 elementor-top-column elementor-element elementor-element-nk84pto\" data-id=\"nk84pto\" data-element_type=\"column\" data-e-type=\"column\">\n\t\t\t<div class=\"elementor-widget-wrap elementor-element-populated\">\n\t\t\t\t\t\t<div class=\"elementor-element elementor-element-c268i72 elementor-widget elementor-widget-image\" data-id=\"c268i72\" data-element_type=\"widget\" data-e-type=\"widget\" data-widget_type=\"image.default\">\n\t\t\t\t<div class=\"elementor-widget-container\">\n\t\t\t\t\t\t\t\t\t\t\t\t\t\t\t<img loading=\"lazy\" decoding=\"async\" width=\"432\" height=\"650\" src=\"http:\/\/www.ffbiedermannsdorf.at\/cms\/wp-content\/uploads\/DSC_0514.jpg\" class=\"attachment-large size-large wp-image-1486\" alt=\"\" srcset=\"http:\/\/www.ffbiedermannsdorf.at\/cms\/wp-content\/uploads\/DSC_0514.jpg 432w, http:\/\/www.ffbiedermannsdorf.at\/cms\/wp-content\/uploads\/DSC_0514-399x600.jpg 399w\" sizes=\"(max-width: 432px) 100vw, 432px\" \/>\t\t\t\t\t\t\t\t\t\t\t\t\t\t\t<\/div>\n\t\t\t\t<\/div>\n\t\t\t\t\t<\/div>\n\t\t<\/div>\n\t\t\t\t\t<\/div>\n\t\t<\/section>\n\t\t\t\t<section class=\"elementor-section elementor-top-section elementor-element elementor-element-e6if6wc elementor-section-boxed elementor-section-height-default elementor-section-height-default\" data-id=\"e6if6wc\" data-element_type=\"section\" data-e-type=\"section\">\n\t\t\t\t\t\t<div class=\"elementor-container elementor-column-gap-default\">\n\t\t\t\t\t<div class=\"elementor-column elementor-col-100 elementor-top-column elementor-element elementor-element-i1kgkkl\" data-id=\"i1kgkkl\" data-element_type=\"column\" data-e-type=\"column\">\n\t\t\t<div class=\"elementor-widget-wrap elementor-element-populated\">\n\t\t\t\t\t\t<div class=\"elementor-element elementor-element-4edmun4 elementor-widget elementor-widget-text-editor\" data-id=\"4edmun4\" data-element_type=\"widget\" data-e-type=\"widget\" data-widget_type=\"text-editor.default\">\n\t\t\t\t<div class=\"elementor-widget-container\">\n\t\t\t\t\t\t\t\t\t<h4><strong>Dienstbekleidung I<\/strong><\/h4><p><br \/>Die Dienstbekleidung I wird bei festlichen Anl\u00e4ssen getragen. Dies sind die Jahreshauptversammlung, Fahrzeugweihen, Umz\u00fcge aber auch bei anderen festlichen Anl\u00e4ssen. Die Uniform besteht bei den Herren aus schwarzen Schuhen, Uniformhose, einem wei\u00dfen Hemd, Krawatte und Uniformjacke.\u00a0Bei den Damen besteht die Uniform\u00a0aus schwarzen Schuhen, Uniformrock oder Uniformhose, einem wei\u00dfen Hemd, Krawatte und Uniformjacke.\u00a0Dazu wei\u00dfe Handschuhe und entweder der Helm oder Kappe. Optional wird ein Dienstmantel grau getragen.<\/p>\t\t\t\t\t\t\t\t<\/div>\n\t\t\t\t<\/div>\n\t\t\t\t\t<\/div>\n\t\t<\/div>\n\t\t\t\t\t<\/div>\n\t\t<\/section>\n\t\t\t\t<section class=\"elementor-section elementor-top-section elementor-element elementor-element-8r7txl9 elementor-section-boxed elementor-section-height-default elementor-section-height-default\" data-id=\"8r7txl9\" data-element_type=\"section\" data-e-type=\"section\">\n\t\t\t\t\t\t<div class=\"elementor-container elementor-column-gap-default\">\n\t\t\t\t\t<div class=\"elementor-column elementor-col-50 elementor-top-column elementor-element elementor-element-gvbjhg4\" data-id=\"gvbjhg4\" data-element_type=\"column\" data-e-type=\"column\">\n\t\t\t<div class=\"elementor-widget-wrap elementor-element-populated\">\n\t\t\t\t\t\t<div class=\"elementor-element elementor-element-z32ejz6 elementor-widget elementor-widget-image\" data-id=\"z32ejz6\" data-element_type=\"widget\" data-e-type=\"widget\" data-widget_type=\"image.default\">\n\t\t\t\t<div class=\"elementor-widget-container\">\n\t\t\t\t\t\t\t\t\t\t\t\t\t\t\t<img loading=\"lazy\" decoding=\"async\" width=\"180\" height=\"412\" src=\"http:\/\/www.ffbiedermannsdorf.at\/cms\/wp-content\/uploads\/BraunHerrenvorneHelmkl-1.jpg?v=1705337036\" class=\"attachment-medium size-medium wp-image-1487\" alt=\"\" \/>\t\t\t\t\t\t\t\t\t\t\t\t\t\t\t<\/div>\n\t\t\t\t<\/div>\n\t\t\t\t\t<\/div>\n\t\t<\/div>\n\t\t\t\t<div class=\"elementor-column elementor-col-50 elementor-top-column elementor-element elementor-element-t2mdd98\" data-id=\"t2mdd98\" data-element_type=\"column\" data-e-type=\"column\">\n\t\t\t<div class=\"elementor-widget-wrap elementor-element-populated\">\n\t\t\t\t\t\t<div class=\"elementor-element elementor-element-c06u2bc elementor-widget elementor-widget-image\" data-id=\"c06u2bc\" data-element_type=\"widget\" data-e-type=\"widget\" data-widget_type=\"image.default\">\n\t\t\t\t<div class=\"elementor-widget-container\">\n\t\t\t\t\t\t\t\t\t\t\t\t\t\t\t<img loading=\"lazy\" decoding=\"async\" width=\"180\" height=\"412\" src=\"http:\/\/www.ffbiedermannsdorf.at\/cms\/wp-content\/uploads\/BraunHerrenvorneKappekl-1.jpg?v=1705337019\" class=\"attachment-large size-large wp-image-1491\" alt=\"\" \/>\t\t\t\t\t\t\t\t\t\t\t\t\t\t\t<\/div>\n\t\t\t\t<\/div>\n\t\t\t\t\t<\/div>\n\t\t<\/div>\n\t\t\t\t\t<\/div>\n\t\t<\/section>\n\t\t\t\t<section class=\"elementor-section elementor-top-section elementor-element elementor-element-a48ixlq elementor-section-boxed elementor-section-height-default elementor-section-height-default\" data-id=\"a48ixlq\" data-element_type=\"section\" data-e-type=\"section\">\n\t\t\t\t\t\t<div class=\"elementor-container elementor-column-gap-default\">\n\t\t\t\t\t<div class=\"elementor-column elementor-col-50 elementor-top-column elementor-element elementor-element-ln3koql\" data-id=\"ln3koql\" data-element_type=\"column\" data-e-type=\"column\">\n\t\t\t<div class=\"elementor-widget-wrap elementor-element-populated\">\n\t\t\t\t\t\t<div class=\"elementor-element elementor-element-glmcgb7 elementor-widget elementor-widget-image\" data-id=\"glmcgb7\" data-element_type=\"widget\" data-e-type=\"widget\" data-widget_type=\"image.default\">\n\t\t\t\t<div class=\"elementor-widget-container\">\n\t\t\t\t\t\t\t\t\t\t\t\t\t\t\t<img loading=\"lazy\" decoding=\"async\" width=\"180\" height=\"412\" src=\"http:\/\/www.ffbiedermannsdorf.at\/cms\/wp-content\/uploads\/BraunDamenvorneKappekl-1.jpg?v=1705337136\" class=\"attachment-large size-large wp-image-1490\" alt=\"\" \/>\t\t\t\t\t\t\t\t\t\t\t\t\t\t\t<\/div>\n\t\t\t\t<\/div>\n\t\t\t\t\t<\/div>\n\t\t<\/div>\n\t\t\t\t<div class=\"elementor-column elementor-col-50 elementor-top-column elementor-element elementor-element-9u8zezq\" data-id=\"9u8zezq\" data-element_type=\"column\" data-e-type=\"column\">\n\t\t\t<div class=\"elementor-widget-wrap\">\n\t\t\t\t\t\t\t<\/div>\n\t\t<\/div>\n\t\t\t\t\t<\/div>\n\t\t<\/section>\n\t\t\t\t<section class=\"elementor-section elementor-top-section elementor-element elementor-element-i20vinc elementor-section-boxed elementor-section-height-default elementor-section-height-default\" data-id=\"i20vinc\" data-element_type=\"section\" data-e-type=\"section\">\n\t\t\t\t\t\t<div class=\"elementor-container elementor-column-gap-default\">\n\t\t\t\t\t<div class=\"elementor-column elementor-col-100 elementor-top-column elementor-element elementor-element-8ou22e5\" data-id=\"8ou22e5\" data-element_type=\"column\" data-e-type=\"column\">\n\t\t\t<div class=\"elementor-widget-wrap elementor-element-populated\">\n\t\t\t\t\t\t<div class=\"elementor-element elementor-element-zpr22jv elementor-widget elementor-widget-text-editor\" data-id=\"zpr22jv\" data-element_type=\"widget\" data-e-type=\"widget\" data-widget_type=\"text-editor.default\">\n\t\t\t\t<div class=\"elementor-widget-container\">\n\t\t\t\t\t\t\t\t\t<p><strong>Dienstbekleidung II<\/strong><\/p><p>Die Dienstuniform II\u00a0besteht aus einer Hose sowie Bluse. Darunter wird ein Polo-Shirt der Feuerwehr getragen. Als Kopfbedeckung die Baseballkappe der Feuerwehr. Die Uniform wird bei Lehrg\u00e4ngen an der Landesfeuerwehrschule, bei Brandsicherheitswachen und bei Schulungen getragen.<\/p>\t\t\t\t\t\t\t\t<\/div>\n\t\t\t\t<\/div>\n\t\t\t\t\t<\/div>\n\t\t<\/div>\n\t\t\t\t\t<\/div>\n\t\t<\/section>\n\t\t\t\t<section class=\"elementor-section elementor-top-section elementor-element elementor-element-nugfoou elementor-section-boxed elementor-section-height-default elementor-section-height-default\" data-id=\"nugfoou\" data-element_type=\"section\" data-e-type=\"section\">\n\t\t\t\t\t\t<div class=\"elementor-container elementor-column-gap-default\">\n\t\t\t\t\t<div class=\"elementor-column elementor-col-50 elementor-top-column elementor-element elementor-element-284q0pd\" data-id=\"284q0pd\" data-element_type=\"column\" data-e-type=\"column\">\n\t\t\t<div class=\"elementor-widget-wrap elementor-element-populated\">\n\t\t\t\t\t\t<div class=\"elementor-element elementor-element-mkqllln elementor-widget elementor-widget-image\" data-id=\"mkqllln\" data-element_type=\"widget\" data-e-type=\"widget\" data-widget_type=\"image.default\">\n\t\t\t\t<div class=\"elementor-widget-container\">\n\t\t\t\t\t\t\t\t\t\t\t\t\t\t\t<img loading=\"lazy\" decoding=\"async\" width=\"180\" height=\"412\" src=\"http:\/\/www.ffbiedermannsdorf.at\/cms\/wp-content\/uploads\/Blauvornekl-1.jpg?v=1705337176\" class=\"attachment-large size-large wp-image-1489\" alt=\"\" \/>\t\t\t\t\t\t\t\t\t\t\t\t\t\t\t<\/div>\n\t\t\t\t<\/div>\n\t\t\t\t\t<\/div>\n\t\t<\/div>\n\t\t\t\t<div class=\"elementor-column elementor-col-50 elementor-top-column elementor-element elementor-element-yknpci3\" data-id=\"yknpci3\" data-element_type=\"column\" data-e-type=\"column\">\n\t\t\t<div class=\"elementor-widget-wrap\">\n\t\t\t\t\t\t\t<\/div>\n\t\t<\/div>\n\t\t\t\t\t<\/div>\n\t\t<\/section>\n\t\t\t\t<\/div>\n\t\t","protected":false},"excerpt":{"rendered":"<p> &#8230; <a title=\"Ausr\u00fcstung\" class=\"read-more\" href=\"http:\/\/www.ffbiedermannsdorf.at\/cms\/ausruestung\/\" aria-label=\"Mehr Informationen \u00fcber Ausr\u00fcstung\">Weiterlesen \u00bb <\/a><\/p>\n","protected":false},"author":3,"featured_media":0,"parent":0,"menu_order":0,"comment_status":"closed","ping_status":"closed","template":"","meta":{"generate_page_header":"","footnotes":""},"class_list":["post-320","page","type-page","status-publish"],"_links":{"self":[{"href":"http:\/\/www.ffbiedermannsdorf.at\/cms\/wp-json\/wp\/v2\/pages\/320","targetHints":{"allow":["GET"]}}],"collection":[{"href":"http:\/\/www.ffbiedermannsdorf.at\/cms\/wp-json\/wp\/v2\/pages"}],"about":[{"href":"http:\/\/www.ffbiedermannsdorf.at\/cms\/wp-json\/wp\/v2\/types\/page"}],"author":[{"embeddable":true,"href":"http:\/\/www.ffbiedermannsdorf.at\/cms\/wp-json\/wp\/v2\/users\/3"}],"replies":[{"embeddable":true,"href":"http:\/\/www.ffbiedermannsdorf.at\/cms\/wp-json\/wp\/v2\/comments?post=320"}],"version-history":[{"count":5,"href":"http:\/\/www.ffbiedermannsdorf.at\/cms\/wp-json\/wp\/v2\/pages\/320\/revisions"}],"predecessor-version":[{"id":1492,"href":"http:\/\/www.ffbiedermannsdorf.at\/cms\/wp-json\/wp\/v2\/pages\/320\/revisions\/1492"}],"wp:attachment":[{"href":"http:\/\/www.ffbiedermannsdorf.at\/cms\/wp-json\/wp\/v2\/media?parent=320"}],"curies":[{"name":"wp","href":"https:\/\/api.w.org\/{rel}","templated":true}]}}